 - 3742. Is t(35) a composite number?
True
Let q(b) = -806*b**3 + 14*b**2 + 65*b + 409. Is q(-6) a prime number?
False
Let u = -245 + 242. Is (750/9 + 2 - u)*3 a composite number?
True
Suppose 2*l - 590 = 4768. Suppose -17*k + 2948 = -l. Is k a prime number?
True
Suppose -2*m + 1676 = 122. Let a(v) = 7*v**2 - 31*v + 70. Let d be a(10). Let n = m - d. Is n a prime number?
True
Suppose 0 = -3*b + 3*n + 165384, -2*n = 1174*b - 1171*b - 165419. Is b a prime number?
False
Suppose 4*q + 6243 = 3*f - 29010, 4*f + 26446 = -3*q. Let y = -2861 - q. Is y composite?
False
Suppose q - 3*q = -3*t + 431, 0 = -2*q + 4*t - 428. Let h = 383 + q. Is h a prime number?
True
Let p be ((-10)/(-2))/((-49)/(-42) + -1). Suppose 674 = -28*u + p*u. Is u prime?
True
Suppose 27*s + 5918816 = 59*s. Is s prime?
False
Suppose -21*i + 17*i - 7556 = 0. Let d = i + 3690. Is d a composite number?
False
Let t(x) = -109335*x - 3367. Is t(-8) a prime number?
False
Let n(r) = 3*r + 121. Let t be n(-39). Suppose -t*p = -2*w - 32832, -2*w = -3*p - 2*p + 41041. Is p prime?
True
Suppose 0 = -4*k - 3*w - 2*w + 16686, 0 = -4*k + 4*w + 16704. Suppose -5*p + 22666 = 4*n, -2*n + k + 7168 = -2*p. Is n prime?
True
Let i = -724 - -724. Suppose -6*n + 4*n + l + 18934 = i, -5*n = 3*l - 47335. Is n prime?
True
Suppose 6*o = -2*n + 78876, -11*o + 13*o + 3*n - 26285 = 0. Is o prime?
True
Let s be (-8)/28 + (-135)/(-7). Suppose s*f - 123066 = -44539. Is f a prime number?
True
Let i = 97 - 66. Let y = 27 - i. Let u(a) = 216*a**2 - 11*a - 7. Is u(y) composite?
True
Let m(r) = 1270*r + 45 - 7 + 53. Is m(10) a composite number?
False
Let u = 1276550 - 808573. Is u prime?
True
Let o be (-88)/44*(-66)/(3 + 0). Suppose 0 = o*z + 321466 - 1031758. Is z prime?
False
Suppose -612287 - 696571 = -6*p. Is p composite?
False
Suppose 10*x + 725 = 15*x. Suppose 6*h - h = x. Suppose -818 + h = -3*b. Is b a prime number?
True
Let x be -3 - (-2)/6*(22 + -7). Let t be x/(-3)*3 - (0 + 14513). Is t/(-35) + 4/14 composite?
True
Suppose -62*v = -3411 + 15935. Let u be (-734)/18 - 4/18. Let h = u - v. Is h composite?
True
Suppose -6365779 + 391294 = -60*d + 45*d. Is d a composite number?
True
Let x(u) = -2*u + 2. Let n be x(0). Suppose -3*w - 1112 = -n*s, 3*s + 20 = -s. Is (w/4)/(4 + 18/(-4)) a prime number?
False
Let c(x) = -x**2 - x + 2. Let t be c(-4). Let g be (1 + 0)*(-8 - t). Suppose g*a = -5*a + 1337. Is a a prime number?
True
Is -1000434*(-21)/126 + 1 + -1 prime?
True
Suppose -7 - 5 = -4*u + 5*d, 12 = 4*u - 3*d. Suppose u*s = -26 + 74. Suppose -s = 4*r, -5*x + 2*r = -2024 - 919. Is x prime?
True
Suppose -4113*z + 27576700 = -4093*z. Is z a prime number?
False
Let p(s) = 17353*s - 770. Is p(13) a composite number?
True
Let k = 162675 + -79292. Is k prime?
True
Suppose -3*u = 2*z - 23, 7*u + 5*z - 19 = 5*u. Is (-3)/u - 5264446/(-77) a prime number?
False
Let v(x) = -8*x**3 - 13*x**2 + 3*x + 173. Is v(-17) a prime number?
False
Let c = 12463 + -2862. Is c prime?
True
Suppose -5*x = 4*r - 9235911, -3*r + 3127819 = 4*x - 4260909. Is x a composite number?
False
Is (-6841)/((4 + 9)/(-169)) a composite number?
True
Let r = -87130 + 147117. Is r a prime number?
False
Let v be -10 + 7 - (3 - 2 - 3). Is (-3 - v)/((6/(-5403))/1) a prime number?
True
Suppose 2*a + 39586 - 143079 = 3*p, -155256 = -3*a - p. Is a prime?
False
Let l(d) = 22*d - 207. Let v be l(9). Let i(c) = -1525*c - 76. Is i(v) prime?
True
Let k be ((-14)/8)/((-9)/(-1929528)). Is (-1 + (-15)/(-9))/((-28)/k) a prime number?
True
Is ((-441)/(-588))/(3/12 + (-54228)/216921) prime?
True
Let c(y) = y**3 - 14*y**2 + 26*y - 16. Let j be c(12). Let i(o) = 351*o - 1. Is i(j) prime?
False
Let c be (15/(-9))/(3/(-18)). Let m be c/(-6) + 340/60. Is (470/m)/((-7)/(-14)) prime?
False
Suppose 4*a + 27 = 7, -d + 3*a + 15 = 0. Suppose -12*g + 3*g + 43479 = d. Is g a composite number?
False
Let o be 50/325 - 2/13. Suppose o = -t - 2*t, -t - 17785 = -5*k. Is k composite?
False
Suppose -2*t = -2*u - 1634018, -1716756 = -5*t + 11*u + 2368265. Is t composite?
False
Let p(g) = -3*g**3 - 36*g**2 + 25*g - 25. Suppose 41*u = -7*u - 1056. Is p(u) prime?
False
Let p = -17945 - -41664. Let y = p + -13310. Is y a composite number?
True
Let i be 7 + (-7 - 1) - -5. Is 4*872 - (i - 7) prime?
True
Let y = -216 + 213. Is 3 + y + (1 - -3760) composite?
False
Suppose -214491 - 115626 = -3*d - c, 5*d + 5*c - 550175 = 0. Is d a prime number?
False
Let a = 20563 - 11980. Suppose -2*w + 6 = 0, -2*o + 0*w = -5*w + 1. Suppose 4*q - o*q = -a. Is q a composite number?
False
Let x(p) = -3*p**2 - 2*p - 2806. Let r be x(0). Let y = -695 - r. Is y composite?
False
Suppose 3*o + 20009 = 5*t, 3*o = -48*t + 47*t - 20003. Let h = -4239 - o. Is h a composite number?
True
Suppose 1537666 = 5*a - 3*u, -4*a + 1230137 = -5*u + 2*u. Is a prime?
True
Let k(p) = -10703*p - 184. Let b(c) = 2676*c + 47. Let j(o) = -9*b(o) - 2*k(o). Is j(-3) a composite number?
True
Let k = 27689 + -41633. Let j = -9235 - k. Is j a prime number?
False
Suppose -3*o + 0*o = -57. Suppose o*t = 26*t - 22057. Is t prime?
False
Let b(l) = 4*l**3 + 4*l**2 - 2*l - 3. Suppose 3*y + 3*i = y + 11, -3*y + 14 = 2*i. Let d be b(y). Suppose 6*o - d = 3*o. Is o prime?
True
Suppose -3*f + 62075 = p, 0 = 4*p - 719 + 735. Is f a prime number?
True
Suppose 13015 = -5*w + 2*u, -4*w + 4*u - 2*u - 10410 = 0. Let h = w - -3944. Is h a composite number?
True
Let m = 6 + 0. Let a be 3*(2*-1 - (-22)/m). Suppose 456 = 4*y - a*x, -11 - 1 = -3*x. Is y composite?
True
Suppose 13*x - 4961422 + 945248 = -49*x. Is x a composite number?
True
Suppose 3*y - 4*r - 117 - 102 = 0, -2*y - 3*r = -129. Suppose 3*c - 210 = -2*v - 57, 0 = v + 4*c - y. Let h = v + 404. Is h a composite number?
True
Let r(x) = 9 - 454*x - 145*x - 38*x - 117*x. Let w be r(-1). Is w/3 + 6/(-18) composite?
True
Suppose 4*y - 609811 = -3*i, 4*i = 1552 - 1532. Is y a prime number?
False
Let b(r) = 0*r**3 - 3*r**3 - 39 + 27*r**2 + r**2 + 18*r + 2*r**3. Let u be b(20). Let x = 6348 - u. Is x prime?
False
Let a be (((-3)/(-6))/((-5)/(-20)))/1. Let v(q) = 32*q - 25*q - 7 - 4 - q**a + 4*q**2. Is v(-7) prime?
False
Let g = -463 + 1233. Suppose 5*l + x + 3*x = -g, -4*l = 4*x + 616. Is (3 - l)/(2/4) composite?
True
Let t = -224108 + 381795. Is t a composite number?
True
Let m(o) = -10*o**3 + 9*o**2 - 8*o - 2. Suppose -3*x + 5*v + 1 = 0, -3*x - 2*v + 18 - 52 = 0. Is m(x) prime?
False
Let p(m) be the first derivative of 103*m**5/20 + m**4/6 - 7*m**3/6 + 9*m**2/2 - m + 29. Let d(x) be the first derivative of p(x). Is d(3) a prime number?
False
Suppose -4*z - 3*g - 669677 = -8*z, 0 = -2*z + g + 334841. Is z composite?
False
Suppose -p - 5022 = -2*v - 159, -2*v - 5*p + 4845 = 0. Let n = v + -1343. Is n prime?
True
Let k(s) = 2155*s + 39. Let g = 308 - 304. Is k(g) composite?
True
Suppose 0 = -9*v + 26386 + 63965. Is v prime?
True
Let k(v) = 4*v**3 - 43*v**2 - 90*v + 533. Is k(36) composite?
False
Let g(z) = 9*z**2 - 8*z - 91. Suppose 3*t - q - 49 = -6*q, 3*q + 39 = 2*t. Is g(t) a prime number?
False
Let l(p) = -10*p**2 + 31*p - 45. Let i be l(17). Let s = -1531 - i. Is s composite?
False
Suppose -b + 28840 = 35*g - 36*g, 2*g - 57672 = -2*b. Is (8 - 34/4)*b/(-1) a prime number?
True
Let g(i) = 6*i - 16. Let m(t) be the second derivative of -t**3/6 + t**2/2 - 5*t. Let f(j) = -g(j) - 10*m(j). Is f(0) composite?
True
Is 189/(-24) + 8 + 261/48*1442 a prime number?
True
Let w be (-3 - 1) + -2*(-20 + 2). Suppose w*s + 30135 = 97303. Is s a prime number?
True
Let p = 2857 - -7720. Is p prime?
False
Suppose 0 = -44*a - 25*a + 262*a - 48626929. Is a composite?
True
Suppose 4*i + d - 1853 = 57210, -2*i - 3*d + 29519 = 0. Is i prime?
True
Let g(c) be the third derivative of -3*c**4/8 + 5*c**3/2 - 3*c**2. Let m be g(2). Is 2 + (-3 - m) - -876 a prime number?
False
Let j(p) = -2547*p - 7. Let n be j(8). Let l = n + 29046. Is l a composite number?
False
Let y be 0 + 13495 - (-7 + -17)/6. Let k = 21784 - y. Is k prime?
False
Suppose 0 = -4*m + 12, 27*h - 29*h = -2*m - 33916. Is h prime?
False
Suppose -23*m = -25*m. Let z be (m - 122)*((-9)/6 + -2). Let d = z + -218. Is d a composite number?
True
Suppose 0 = 10*y + 11*y + 1060 - 1102. Let v(m) = -2*m**2 - 2*m - 1. Let j be v(-1). Is (0 + y - 2)/j - -397 composite?
False
Let q be ((-10775